{"id":3097,"date":"2023-01-22T16:55:42","date_gmt":"2023-01-22T15:55:42","guid":{"rendered":"https:\/\/asv-brambauer-1920.de\/?page_id=3097"},"modified":"2025-01-13T10:15:37","modified_gmt":"2025-01-13T09:15:37","slug":"bestimmungen-stever","status":"publish","type":"page","link":"https:\/\/asv-brambauer-1920.de\/?page_id=3097","title":{"rendered":"Bestimmungen Stever"},"content":{"rendered":"<p><strong><mark style=\"background-color:rgba(0, 0, 0, 0);color:#f50505\" class=\"has-inline-color\">Das Schonma\u00df f\u00fcr Hecht betr\u00e4gt ab sofort 60 cm. Des weiteren ist es verboten in der Hechtschonzeit mit Kunstk\u00f6der zu angeln!<\/mark><\/strong><\/p>\n<p><strong>Laut Vertag ist<\/strong> das Zelten, das Befahren der Felder und Weiden, das Zerst\u00f6ren der Uferb\u00f6schung und das Anlegen von Feuerstellen sowie grillen <strong>verboten<\/strong>. Hunde sind an der Leine zu f\u00fchren.<\/p>\n<p>Die Fahrzeuge  sind auf den Gr\u00fcnfl\u00e4chen (Direkt hinter der Hofeinfahrt) so abzustellen, dass diese den Betrieb nicht behindern!<\/p>\n<p>Gehwege, Angelstellen, Uferstreifen und Unterstellh\u00fctte sind sauber zu halten. Entstandener Abfall ist mitzunehmen. <\/p>\n<\/p>\n<p><strong>Zugelassene Fangger\u00e4te:<\/strong><\/p>\n<p>3 Ruten mit je einem Haken oder Drilling. Eine K\u00f6dersenke bis zu 1m x 1m, diese ist in der Zeit <strong>vom 15.02. &#8211; 31.05. verboten<\/strong> (Laichzeit)! <strong>Der Gebrauch von Reusen und Aalschn\u00fcren ist verboten<\/strong>. <strong>W\u00e4hrend der Hechtschonzeit ist es verboten mit Kunstk\u00f6der zu angeln!<\/strong><\/p>\n<p>Fische nachgenannter Art d\u00fcrfen dem Wasser nur entnommen werden, wenn diese mindestens folgende Ma\u00dfe haben und zus\u00e4tzlich sind die Schonzeiten zu beachten:<\/p>\n<\/p>\n<figure class=\"wp-block-table\">\n<table>\n<tbody>\n<tr>\n<td class=\"has-text-align-center\" data-align=\"center\"><strong>Art<\/strong><\/td>\n<td><strong>Mindestma\u00df <\/strong><\/td>\n<td><strong>Schonzeit<\/strong><\/td>\n<\/tr>\n<tr>\n<td class=\"has-text-align-center\" data-align=\"center\">Aal<\/td>\n<td>50 cm<\/td>\n<td>&nbsp;<\/td>\n<\/tr>\n<tr>\n<td class=\"has-text-align-center\" data-align=\"center\">\u00c4sche<\/td>\n<td>30 cm<\/td>\n<td>01.03. &#8211; 30.04.<\/td>\n<\/tr>\n<tr>\n<td class=\"has-text-align-center\" data-align=\"center\">Bachforelle<\/td>\n<td>25 cm<\/td>\n<td>20.10. &#8211; 15.03.<\/td>\n<\/tr>\n<tr>\n<td class=\"has-text-align-center\" data-align=\"center\">Barbe<\/td>\n<td>35 cm<\/td>\n<td>15.05. &#8211; 15.06.<\/td>\n<\/tr>\n<tr>\n<td class=\"has-text-align-center\" data-align=\"center\">Barsch<\/td>\n<td>15 cm<\/td>\n<td>&nbsp;<\/td>\n<\/tr>\n<tr>\n<td class=\"has-text-align-center\" data-align=\"center\">Brasse\/G\u00fcster<\/td>\n<td>18 cm<\/td>\n<td>&nbsp;<\/td>\n<\/tr>\n<tr>\n<td class=\"has-text-align-center\" data-align=\"center\">D\u00f6bel<\/td>\n<td>18 cm<\/td>\n<td>&nbsp;<\/td>\n<\/tr>\n<tr>\n<td class=\"has-text-align-center\" data-align=\"center\">Hecht<\/td>\n<td><strong>60 cm<\/strong><\/td>\n<td>15.02. &#8211; 30.04.<\/td>\n<\/tr>\n<tr>\n<td class=\"has-text-align-center\" data-align=\"center\">Karpfen<\/td>\n<td>35 cm<\/td>\n<td>&nbsp;<\/td>\n<\/tr>\n<tr>\n<td class=\"has-text-align-center\" data-align=\"center\">Rotaugen\/-feder<\/td>\n<td>18 cm<\/td>\n<td>&nbsp;<\/td>\n<\/tr>\n<tr>\n<td class=\"has-text-align-center\" data-align=\"center\">Schleie<\/td>\n<td>25 cm<\/td>\n<td>&nbsp;<\/td>\n<\/tr>\n<tr>\n<td class=\"has-text-align-center\" data-align=\"center\">Wels<\/td>\n<td>40 cm<\/td>\n<td>&nbsp;<\/td>\n<\/tr>\n<tr>\n<td class=\"has-text-align-center\" data-align=\"center\">Zander<\/td>\n<td>40 cm<\/td>\n<td>01.04. &#8211; 31.05.<\/td>\n<\/tr>\n<\/tbody>\n<\/table>\n<\/figure>\n<p><strong>Ganzj\u00e4hrige Schonzeiten:<\/strong> Sind dem Landesfischereigesetz von Nordrhein-Westfalen zu entnehmen.<\/p>\n<p>Werden Fische gefangen, deren Fang verboten ist, m\u00fcssen diese zur\u00fcckgesetzt werden oder sind diese nachdem Fang nicht mehr lebensf\u00e4hig, sind diese waidgerecht zu t\u00f6ten und zu beseitigen. Die Verwertung ist verboten!<\/p>\n<p><strong>Fangbegrenzung: <\/strong>2 Hechte o. Zander; oder 1 Hecht u. 1 Zander; dazu 3 Karpfen; 3 Schleien; max. 20 Wei\u00dffische.<\/p>\n<\/p>\n<p><a href=\"https:\/\/asv-brambauer-1920.de\/wp-content\/uploads\/2025\/01\/Bestimmungen-Stever.pdf\"><strong>Bestimmungen als pdf-Datei<\/strong><\/a><\/p>\n<\/p>\n<p><strong>Sofern in den Bestimmungen nicht anders geregelt, gilt grunds\u00e4tzlich das Landesfischereigesetz von Nordrhein-Westfalen!<\/strong><\/p>\n","protected":false},"excerpt":{"rendered":"<p>Das Schonma\u00df f\u00fcr Hecht betr\u00e4gt ab sofort 60 cm. Des weiteren ist es verboten in der Hechtschonzeit mit Kunstk\u00f6der zu angeln! Laut Vertag ist das Zelten, das Befahren der Felder und Weiden, das Zerst\u00f6ren der Uferb\u00f6schung und das Anlegen von Feuerstellen sowie grillen verboten. Hunde sind an der Leine zu f\u00fchren. Die Fahrzeuge sind auf [&hellip;]<\/p>\n","protected":false},"author":1,"featured_media":0,"parent":0,"menu_order":0,"comment_status":"closed","ping_status":"closed","template":"","meta":{"_bbp_topic_count":0,"_bbp_reply_count":0,"_bbp_total_topic_count":0,"_bbp_total_reply_count":0,"_bbp_voice_count":0,"_bbp_anonymous_reply_count":0,"_bbp_topic_count_hidden":0,"_bbp_reply_count_hidden":0,"_bbp_forum_subforum_count":0,"footnotes":""},"_links":{"self":[{"href":"https:\/\/asv-brambauer-1920.de\/index.php?rest_route=\/wp\/v2\/pages\/3097"}],"collection":[{"href":"https:\/\/asv-brambauer-1920.de\/index.php?rest_route=\/wp\/v2\/pages"}],"about":[{"href":"https:\/\/asv-brambauer-1920.de\/index.php?rest_route=\/wp\/v2\/types\/page"}],"author":[{"embeddable":true,"href":"https:\/\/asv-brambauer-1920.de\/index.php?rest_route=\/wp\/v2\/users\/1"}],"replies":[{"embeddable":true,"href":"https:\/\/asv-brambauer-1920.de\/index.php?rest_route=%2Fwp%2Fv2%2Fcomments&post=3097"}],"version-history":[{"count":11,"href":"https:\/\/asv-brambauer-1920.de\/index.php?rest_route=\/wp\/v2\/pages\/3097\/revisions"}],"predecessor-version":[{"id":3235,"href":"https:\/\/asv-brambauer-1920.de\/index.php?rest_route=\/wp\/v2\/pages\/3097\/revisions\/3235"}],"wp:attachment":[{"href":"https:\/\/asv-brambauer-1920.de\/index.php?rest_route=%2Fwp%2Fv2%2Fmedia&parent=3097"}],"curies":[{"name":"wp","href":"https:\/\/api.w.org\/{rel}","templated":true}]}}